4ab4a + 8?
304ab55
In base 13, what is 28c70 - 4796?
244a7
In base 4, what is -101123212310010 + -3?
-101123212310013
In base 4, what is 2232223 + -131130?
2101033
In base 13, what is 2 + 306b347?
306b349
In base 14, what is -55 + 4121?
40aa
In base 13, what is 33 - -233343?
233376
In base 16, what is 121a54 - 2c6?
12178e
In base 9, what is 3 - -3416755?
3416758
In base 3, what is -100111202101 + 1110202?
-100110021122
In base 4, what is 111103200 - -1032?
111110232
In base 5, what is 111032340 - 1213?
111031122
In base 16, what is ff75a + -8?
ff752
In base 10, what is 1089 + 17197?
18286
In base 9, what is -435746585 + -3?
-435746588
In base 5, what is 134 - 24232234?
-24232100
In base 15, what is -79 + -1b635?
-1b6ae
In base 8, what is -14012 - 127141?
-143153
In base 3, what is -2010120 - 2222012?
-12002202
In base 10, what is -113 - -70544?
70431
In base 14, what is 30db - 920?
25bb
In base 6, what is 450350005 + -5?
450350000
In base 6, what is -14303005 + -214?
-14303223
In base 13, what is 65971a + -1b?
6596cc
In base 6, what is 3 + 1141442351?
1141442354
In base 7, what is 14 - -5003532?
5003546
In base 8, what is -30 - 2323035?
-2323065
In base 8, what is -1510775 - 723?
-1511720
In base 16, what is -50d5b6 - 2?
-50d5b8
In base 9, what is 5 + -27823031?
-27823025
In base 5, what is -30 - -14103124?
14103044
In base 14, what is 4b7 - 35d4?
-311b
In base 7, what is 106 - 23110216?
-23110110
In base 13, what is -559b + -4c26?
-a4c4
In base 7, what is -2 - 246500420?
-246500422
In base 3, what is -201101 - 202120011002?
-202120212110
In base 5, what is 1 - -224241402?
224241403
In base 8, what is -56 - 26133016?
-26133074
In base 11, what is 75 - 71470?
-713a6
In base 5, what is -14 + 21121021313?
21121021244
In base 14, what is -3 + 4780c?
47809
In base 5, what is -1001024411 - -322?
-1001024034
In base 13, what is 8c + -155?
-96
In base 4, what is 10030233223 + -22?
10030233201
In base 10, what is 9227308 + -3?
9227305
In base 9, what is 155156 - 227?
154828
In base 6, what is -1003 - 1200330?
-1201333
In base 8, what is -5 + 12660544?
12660537
In base 12, what is a2 + -6270a?
-62628
In base 10, what is -114756 + -510?
-115266
In base 15, what is 2789 - a5?
26d4
In base 5, what is 13413 - 33313?
-14400
In base 2, what is -1011100001111001010100 - 11?
-1011100001111001010111
In base 9, what is 47102 + -2620?
44372
In base 11, what is 42598 + 6017?
48604
In base 11, what is -126 + -558550?
-558676
In base 5, what is 2 - 113012143212?
-113012143210
In base 14, what is -5 + 1857ca?
1857c5
In base 6, what is -20 + -32053220?
-32053240
In base 9, what is 30880812 - -2?
30880814
In base 15, what is -39b7 + -39c?
-3d64
In base 16, what is 107749 + 0?
107749
In base 11, what is 1392918 - -1?
1392919
In base 12, what is -12728 + -2266?
-14992
In base 11, what is 1 - -11745557?
11745558
In base 6, what is 3 + -14505445?
-14505442
In base 5, what is 123024334342 - -1?
123024334343
In base 15, what is 1 - -15de86?
15de87
In base 3, what is 1011010021122 + -22111?
1011002222011
In base 12, what is 2 - -4345b9?
4345bb
In base 3, what is 10 + 21100012211122102?
21100012211122112
In base 9, what is -3655 + 11686?
7031
In base 12, what is -7277 + 190?
-70a7
In base 14, what is 114c + -7c5?
767
In base 15, what is 18858b7 + -4?
18858b3
In base 4, what is 100132120210 - 1?
100132120203
In base 3, what is 20110112001200 - 1?
20110112001122
In base 14, what is -16 - 1d95a6?
-1d95bc
In base 13, what is 236 - 13b0?
-1177
In base 11, what is 10875 + -89a?
aa86
In base 8, what is -3 - -12755073?
12755070
In base 10, what is 3036 - 88956?
-85920
In base 2, what is 1101111100101001001 + 1110001100?
1101111110011010101
In base 7, what is 22160561 - -32?
22160623
In base 4, what is 1002323 - -21232131?
22301120
In base 12, what is -5869a4 + 18?
-586988
In base 4, what is -3111 + -221201021?
-221210132
In base 16, what is 192 - 5b49?
-59b7
In base 15, what is -1a8 - -30dc3?
30c1a
In base 5, what is 0 + -110200412142?
-110200412142
In base 15, what is -53c81 - 44c?
-541cd
In base 12, what is 31 + 2b9897?
2b9908
In base 10, what is -650799 - -2?
-650797
In base 8, what is 57 - -232653?
232732
In base 4, what is 2 - -1031113133311?
1031113133313
In base 4, what is 133 - -12203213131?
12203213330
In base 3, what is 2210 + -10020102011?
-10020022101
In base 4, what is -102 - 11202020121?
-11202020223
In base 4, what is 2221233 + -10111?
2211122
In base 6, what is -313400530443 - -5?
-313400530434
In base 16, what is -41c74c - -3?
-41c749
In base 3, what is 22 - -10020102111212200?
10020102111212222
In base 5, what is -10410 + 4443113?
4432203
In base 14, what is -b7d2baa - -9?
-b7d2ba1
In base 10, what is -2874183 - 0?
-2874183
In base 16, what is -b29d + -32?
-b2cf
In base 11, what is -171 + -1186796?
-1186957
In base 7, what is 1 + -166111450?
-166111446
In base 5, what is -14201 + -1222444?
-1242200
In base 8, what is 17 - -71655503?
71655522
In base 9, what is 2 - 40377253?
-40377251
In base 5, what is -2003410 - -2?
-2003403
In base 8, what is -32 + -1377207?
-1377241
In base 13, what is -132c066 - -51?
-132c015
In base 2, what is 1111001111110001011010100101 - 1?
1111001111110001011010100100
In base 6, what is 40302 + 2123?
42425
In base 11, what is 127005 + 24?
127029
In base 9, what is 2 + 100801165?
100801167
In base 7, what is -4 - 6352631?
-6352635
In base 3, what is 20001020220222 - 22?
20001020220200
In base 11, what is -29346 + -106?
-29451
In base 14, what is -23309 - -8b?
-2325c
In base 2, what is 101 - -101001001001111100011?
101001001001111101000
In base 5, what is -4 + -2142430212?
-2142430221
In base 13, what is -a74 + 1bb45?
1b0a1
In base 12, what is 10689852 + 4?
10689856
In base 4, what is 20 + -30220210113?
-30220210033
In base 13, what is -26bb - -1143c?
ba51
In base 6, what is -15 + 10022114?
10022055
In base 11, what is -1365aa42 + 7?
-1365aa36
In base 2, what is 11011110110001111 + 1000111110?
11011111111001101
In base 14, what is 184 + 1b231?
1b3b5
In base 4, what is -102 - 2123222303?
-2123223011
In base 6, what is -3104520113 - -1?
-3104520112
In base 2, what is -100111011 - -11011000110100011010?
11011000101111011111
In base 14, what is c2da + 76?
c372
In base 7, what is -102 - 624414?
-624516
In base 9, what is -28466003 - 2?
-28466005
In base 7, what is -1132466 - 452?
-1133251
In base 7, what is -115 + -226621?
-230036
In base 11, what is 1 - -1aa1160?
1aa1161
In base 12, what is 262 - 54?
20a
In base 12, what is 32b67 + -16?
32b51
In base 13, what is 9964596 + -2?
9964594
In base 11, what is 9a449 - 203?
9a246
In base 6, what is 22 + 23250252?
23250314
In base 6, what is -10534511 + -30?
-10534541
In base 12, what is 50b + -a41?
-532
In base 15, what is 3 - -1e343b5?
1e343b8
In base 10, what is 217612 - 65?
217547
In base 3, what is 110220 + 121210012?
122021002
In base 3, what is -1 - 102101221012201?
-102101221012202
In base 14, what is 1b5d69 - 18?
1b5d51
In base 3, what is -2121121 + 22012221110?
22010022212
In base 3, what is -2001 - 110101111?
-110110112
In base 12, what is -6b2 + -106450?
-106b42
In base 16, what is 724f2 - 184?
7236e
In base 6, what is -13 - -2323201?
2323144
In base 16, what is -a0ec9 - 73?
-a0f3c
In base 13, what is -12 + 2ba1bc8?
2ba1bb6
In base 10, what is -4 - -37199231?
37199227
In base 11, what is 4 - -67398899?
673988a2
In base 15, what is -1ad1 + -4d29?
-690a
In base 16, what is 46bcc6 + -c?
46bcba
In base 13, what is a231c74 - -1?
a231c75
In base 6, what is -124453131 + 2?
-124453125
In base 3, what is -1001 - 111101011101?
-111101012102
In base 8, what is 162435 - 706?
161527
In base 16, what is -1f15c - 0?
-1f15c
In base 16, what is d5 + 67474?
67549
In base 14, what is -44d84a + 12?
-44d838
In base 15, what is -74 + -443ead?
-444032
In base 11, what is -693484 + 3?
-693481
In base 16, what is -d - -2f85f?
2f852
In base 13, what is 136 + -22aa0?
-22967
In base 2, what is 11111000 - 100010010001110?
-100001110010110
In base 11, what is -1a8 + -4aa490?
-4aa688
In base 8, what is -24203504 + 4?
-24203500
In base 16, what is 1c2205b - 5?
1c22056
In base 11, what is 379 - 12a08?
-1263a
In base 16, what is -e17b7 + -1e?
-e17d5
In base 16, what is -1f2eee + 3b?
-1f2eb3
In base 14, what is -33c93 + 303?